{"id":8,"date":"2021-11-04T09:49:03","date_gmt":"2021-11-04T09:49:03","guid":{"rendered":"http:\/\/bobkienson.bplaced.net\/wordpress\/?page_id=8"},"modified":"2021-11-04T10:36:26","modified_gmt":"2021-11-04T10:36:26","slug":"about","status":"publish","type":"page","link":"http:\/\/bobkienson.bplaced.net\/wordpress\/?page_id=8","title":{"rendered":"\u00dcber uns"},"content":{"rendered":"\n<div class=\"wp-block-columns\">\n<div class=\"wp-block-column\" style=\"flex-basis:33.33%\">\n<figure class=\"wp-block-image size-large\"><img src=\"http:\/\/bobkienson.bplaced.net\/bilder\/gruppe3.jpg\" alt=\"\"\/><\/figure>\n\n\n\n<figure class=\"wp-block-image size-large is-resized\"><img loading=\"lazy\" src=\"http:\/\/bobkienson.bplaced.net\/bilder\/andi2.jpg\" alt=\"\" width=\"307\" height=\"538\"\/><\/figure>\n<\/div>\n\n\n\n<div class=\"wp-block-column\" style=\"flex-basis:66.66%\">\n<h2 id=\"uechi-ryu-munchen\">Uechi-Ryu M\u00fcnchen<\/h2>\n\n\n\n<p>Wir sind eine Gruppe von 15-20 Karate-Ka\u00b4s und betreiben einen in Deutschland eher seltenen Karate-Stil.<br>Dieser au\u00dfergew\u00f6hnliche Karate-Stil hat seinen Ursprung im chinesischen Kung-Fu und ist auf der Nachahmung der Tierbewegungen von Kranich, Drache und Tiger aufgebaut. Die urspr\u00fcngliche Kombination aus weichen und starken, runden und geradlinigen Bewegungen blieb bis heute erhalten.<br>Die Stellung ist meist hoch und es werden zahlreiche Techniken mit der offenen Hand ausgef\u00fchrt. Die \u00dcbungen werden i.d.R. ohne Kontakt ausgef\u00fchrt, es wird also kurz vorm Gegner gestoppt. Jedoch werden auch \u00dcbungen zur Abh\u00e4rtung eingebaut.<br><br>Im Mittelpunkt von Uechi-Ryu steht jedoch nicht der Kampf, sondern die Entwicklung der eigenen Pers\u00f6nlichkeit. Zentrales Thema ist hierbei der Respekt \u2013 gegen\u00fcber sich selbst und anderen. Respekt jedoch nicht nur vor der sportlichen Leistung, sondern in erster Linie Respekt f\u00fcr die Person.<br><br>Mitmachen kann jede(r) ab ca. 16 Jahren \u2013 und nat\u00fcrlich sind auch Frauen bei uns herzlich willkommen.<br><br>Die Gruppe wird von Andreas Theuer (6. Dan) geleitet. Er wurde in Okinawa zum Shihan ernannt, die letzte von den drei Lehrerstufen Shidoin \u2013 Jun-Shihan \u2013 Shihan.<\/p>\n<\/div>\n<\/div>\n\n\n\n<p><\/p>\n","protected":false},"excerpt":{"rendered":"<p>Uechi-Ryu M\u00fcnchen Wir sind eine Gruppe von 15-20 Karate-Ka\u00b4s und betreiben einen in Deutschland eher seltenen Karate-Stil.Dieser au\u00dfergew\u00f6hnliche Karate-Stil hat seinen Ursprung im chinesischen Kung-Fu und ist auf der Nachahmung der Tierbewegungen von Kranich, Drache und Tiger aufgebaut. Die urspr\u00fcngliche Kombination aus weichen und starken, runden und geradlinigen Bewegungen blieb bis heute erhalten.Die Stellung ist [&hellip;]<\/p>\n","protected":false},"author":1,"featured_media":0,"parent":0,"menu_order":0,"comment_status":"closed","ping_status":"closed","template":"","meta":[],"_links":{"self":[{"href":"http:\/\/bobkienson.bplaced.net\/wordpress\/index.php?rest_route=\/wp\/v2\/pages\/8"}],"collection":[{"href":"http:\/\/bobkienson.bplaced.net\/wordpress\/index.php?rest_route=\/wp\/v2\/pages"}],"about":[{"href":"http:\/\/bobkienson.bplaced.net\/wordpress\/index.php?rest_route=\/wp\/v2\/types\/page"}],"author":[{"embeddable":true,"href":"http:\/\/bobkienson.bplaced.net\/wordpress\/index.php?rest_route=\/wp\/v2\/users\/1"}],"replies":[{"embeddable":true,"href":"http:\/\/bobkienson.bplaced.net\/wordpress\/index.php?rest_route=%2Fwp%2Fv2%2Fcomments&post=8"}],"version-history":[{"count":5,"href":"http:\/\/bobkienson.bplaced.net\/wordpress\/index.php?rest_route=\/wp\/v2\/pages\/8\/revisions"}],"predecessor-version":[{"id":47,"href":"http:\/\/bobkienson.bplaced.net\/wordpress\/index.php?rest_route=\/wp\/v2\/pages\/8\/revisions\/47"}],"wp:attachment":[{"href":"http:\/\/bobkienson.bplaced.net\/wordpress\/index.php?rest_route=%2Fwp%2Fv2%2Fmedia&parent=8"}],"curies":[{"name":"wp","href":"https:\/\/api.w.org\/{rel}","templated":true}]}}